the prime factors of r.
3, 7
Let u(o) = 8*o**2 + 3*o + 15. Let w = -7 - -1. What are the prime factors of u(w)?
3, 5, 19
Suppose 0 = 5*x + 2*b - 3*b - 11, 13 = 3*x + b. Suppose -10*n + 6*n + 746 = 3*t, -4*t + 978 = -x*n. Suppose -1536 = -6*g - t. What are the prime factors of g?
5, 43
What are the prime factors of (-84)/(-42)*4001/2?
4001
Let r(z) = 21*z**2 - 2*z + 12. Let b(k) = -23*k**2 + 3*k - 12. Let c(q) = 5*b(q) + 6*r(q). List the prime factors of c(-5).
2, 17
Suppose -4*z + 4 + 12 = 0. Suppose 6*r - 3*r + 231 = -3*h, -z*h + 5*r = 290. Let s = 10 - h. What are the prime factors of s?
5, 17
Let y = -10709 - -17568. List the prime factors of y.
19
Let t = -25 - -50. Let u = t + -22. List the prime factors of 4 - ((-119)/u + 28/42).
43
Suppose r - 2748 = 1418. What are the prime factors of r?
2, 2083
Let i(c) = 82*c**2 + 164*c + 25. List the prime factors of i(10).
5, 1973
Suppose 0 = 2*h + 2*o - 34, -2*o + 61 = 5*h - 5*o. Let c = 17 - 1. Suppose 14 = c*i - h*i. What are the prime factors of i?
7
Suppose -2*u + 88*u = 1271026 + 655116. List the prime factors of u.
22397
Let r = -16693 - -29346. What are the prime factors of r?
12653
Let j = 14193 + 7084. List the prime factors of j.
21277
Let k(z) = z**2 + 2*z + 3. Suppose -y = -u - 1, -2*y - 2 = -0*u - u. Let o be 987/(-77) - u/(-22). What are the prime factors of k(o)?
2, 73
Let y(r) = 828*r + 60 - 1312*r + 618*r. What are the prime factors of y(7)?
2, 499
Suppose 0 = -2*m + 3*n + 20650, -17*n + 41320 = 4*m - 18*n. List the prime factors of m.
10331
Let g(t) = t**3 + 10*t**2 - 2*t - 3. Let l = 56 + -63. Let u be g(l). List the prime factors of (u/(-4))/(8/(-16)).
79
Suppose -1068 = -15*t + 12. What are the prime factors of ((-43)/9 - 16/t) + 1103?
2, 3, 61
Suppose 17*l + 20 = 22*l. Suppose 2424 = 5*d + l*u + 149, -1826 = -4*d - 2*u. What are the prime factors of d?
3, 17
Suppose 18 - 24 = -2*r, 2*i - 7349 = -r. What are the prime factors of i?
3673
Let l = 8183 - 827. List the prime factors of l.
2, 3, 613
Let y = 3926 - -4876. List the prime factors of y.
2, 3, 163
Let c = 46 + -44. Suppose -2*s + 5*s - 5*g = 379, 0 = -3*s + c*g + 391. Suppose -s = -6*h + 197. What are the prime factors of h?
5, 11
What are the prime factors of 3/(-36) + 48292/48?
2, 503
Suppose -a + c + 0*c + 9 = 0, 2*c - 12 = -3*a. Suppose -a*i + 3804 = 30. What are the prime factors of i?
17, 37
Let m(i) = i**2 - 3*i - 16. Let j be m(7). Let c be 17*(255/9 - 4/j). List the prime factors of c/10 - 6/(-15)*1.
2, 3
Let t be ((-2)/4 + 2)*26. What are the prime factors of (t + -20)/(2/20)?
2, 5, 19
Let n(j) = -9*j - 6*j + 460 - j**3 + 2*j + 241 + 51 - j**2. List the prime factors of n(0).
2, 47
Suppose 163*s - 42 = 169*s. List the prime factors of 21/147 + (-3177)/s.
2, 227
List the prime factors of (-84)/126 + (-4)/2*(-32438)/6.
2, 3, 17, 53
Let s = 194 - 421. Let z = -13 - s. Suppose 17 = 2*m - 5*h - z, h = 4*m - 417. What are the prime factors of m?
103
Let k be ((-8)/(-12))/(4/2526). Let j = 143 + k. List the prime factors of j.
2, 3, 47
Suppose 0 = 296*c - 89*c - 3687084. What are the prime factors of c?
2, 61, 73
Let v = 207 - 118. Suppose 2*t - 4*i + 68 = -8*i, 3*i - 33 = 2*t. Let k = t + v. What are the prime factors of k?
5, 13
Let v(w) = 766*w + 7224. What are the prime factors of v(18)?
2, 3, 17, 103
Let i = -474 + 477. Suppose 3*d - 5*p - 2597 = -10*p, -i*d - 3*p = -2595. List the prime factors of d.
2, 3
Let s(j) = 114 - 12*j + 41*j - 19*j - 11*j. What are the prime factors of s(-14)?
2
Suppose f - 12 = 6. Let t(y) = -y**3 + 18*y**2 - 3. Let v be t(f). What are the prime factors of (-2)/v - 759/(-9)?
5, 17
Let s(n) = 79*n + 82. Let a be s(9). Suppose a = 3*b - 0*t - 4*t, -2*b = t - 547. List the prime factors of b.
271
Let l = -106 + 64. Let j = 984 - l. What are the prime factors of j?
2, 3, 19
Let p = 322 - 318. Suppose h = -p*h - 2*u + 1773, -1774 = -5*h - u. What are the prime factors of h?
5, 71
Let u be (245/(-4) - -8)*(-28)/3. Suppose -11*f = -2561 - u. What are the prime factors of f?
2, 139
List the prime factors of (84/(-252))/(9/(-2066877)).
3, 17, 19, 79
Let q(x) = 21*x + 126. Let k be q(-6). Suppose k = -11*r + 5678 + 372. List the prime factors of r.
2, 5, 11
Suppose 4*a + 4*q - 20 = 0, -5*q + 3*q + 10 = -3*a. What are the prime factors of 0 + a + 10 + 1253?
3, 421
What are the prime factors of (6361590/212)/(25/20)?
2, 3, 4001
Let g(x) = 27*x - 2. Let m be g(-1). Let h = m + 64. Suppose -h*c + 268 = -31*c. What are the prime factors of c?
67
Let y(k) = -3272*k - 3165. What are the prime factors of y(-4)?
9923
Suppose 193846 = 11*s - 23635. List the prime factors of s.
17, 1163
Let h = -4686 + 6833. List the prime factors of h.
19, 113
Let v(b) = -15*b. Let i be v(-6). Suppose 0*t = 10*t - i. List the prime factors of ((-6)/t)/((-4)/534).
89
Suppose 0 = 2*v - 2*r - 1634, 3*v - 554 = r + 1895. List the prime factors of (-13)/(234/v)*-12.
2, 17
Let y(r) = 2144*r + 907. List the prime factors of y(4).
3, 29, 109
Let g = -28209 - -58403. What are the prime factors of g?
2, 31, 487
What are the prime factors of 3*((-352)/(-396))/(2 + 28216/(-14109))?
2, 4703
Suppose -1266*i + 1278*i = 32724. List the prime factors of i.
3, 101
Suppose t + 61 + 53 = b, -3*b - t = -322. Suppose -b*k + 868 = -107*k. What are the prime factors of k?
2, 7, 31
Let a(g) = -10*g - 87. Let p be a(11). Let m = 111 - p. What are the prime factors of m?
2, 7, 11
Let z(s) = -2*s**3 + 4*s**2 - 9*s + 115. Let y be z(8). Let i = 1529 + y. What are the prime factors of i?
2, 3, 67
Let u be (-4)/32*-8*3. Suppose 2*a = 5*o + 1104, -u*a + 3*o - 4*o + 1690 = 0. What are the prime factors of a?
2, 281
Let k = -37679 - -55521. List the prime factors of k.
2, 11, 811
Let f be 17 + -4 + 2 - 8/8. Suppose -3*y = i + 59, -5*i - 365 = 2*y - y. Let a = f - i. List the prime factors of a.
2, 11
Suppose -523560 - 3151390 = -67*p. List the prime factors of p.
2, 5, 1097
Let s(f) = -60*f + 53*f - 129*f - 46 - 80*f. List the prime factors of s(-3).
2, 7, 43
Let f(u) = 1774*u + 37. What are the prime factors of f(4)?
7, 1019
Let j(g) = 4*g**2 - 52. Let k be j(10). Let f = k + -183. What are the prime factors of f?
3, 5, 11
Let k(s) = 37 + 10 - 2 + 16*s - 3 + 6. What are the prime factors of k(0)?
2, 3
Let a(l) = -4*l**2 - l + 11. Let b be a(0). List the prime factors of 1021 + 49/(-7) + b.
5, 41
Let s be 1 - (-207)/27 - 2/3. List the prime factors of 6 + (480 - (6 - s)).
2, 61
Let u = -111 - -90. What are the prime factors of (-11)/2*(-61 + u)?
11, 41
List the prime factors of (4 - -2231 - (-2 + -1)) + -1 + 1.
2, 3, 373
Suppose 3*s = -x + 28, -10*x + 5*x + 30 = 4*s. Suppose a + 20538 = s*a. Suppose 17*w + 446 - a = 0. What are the prime factors of w?
2, 3
Suppose 0*p + 2*p + 70 = 0. Let i be (-15)/p + (-155)/35. What are the prime factors of 26/i*(-8 - 4)?
2, 3, 13
Suppose -5*o - 22 = -62, -3*j - o + 112280 = 0. What are the prime factors of j?
2, 2339
Suppose -7*q + 12*q + 3*i = 258277, -12*i = -48. List the prime factors of q.
7, 47, 157
Let z = 187 + -223. Let o = 322 + z. What are the prime factors of o?
2, 11, 13
Let m(j) = 75*j**3 + 23*j**2 - 70*j - 22. List the prime factors of m(8).
2, 5, 3929
Let g(o) = -o + 1. Let a(p) = -44*p - 30. Let t = 100 + -97. Let u(w) = t*g(w) - a(w). List the prime factors of u(3).
2, 3, 13
Suppose 4*h + 30 = f, -f + 2*h + 10 = -22. Suppose 0 = f*t - 19*t - 15675. List the prime factors of t.
5, 11, 19
Suppose 6 = d + 2, d = -3*g - 8. What are the prime factors of (g/3)/((63/(-5211))/7)?
2, 193
Let t = -6667 - -14827. Suppose -584*g + t = -578*g. What are the prime factors of g?
2, 5, 17
Suppose 6*y - 12*y = -11*y + 343150. What are the prime factors of y?
2, 5, 6863
What are the prime factors of (-6)/8 - 147852/16*-1?
2, 3, 5, 7, 11
Suppose 662*h = 653*h + 94878. List the prime factors of h.
2, 3, 7, 251
Let f(d) = d**3 - d**2 - d + 2. Let w be f(0). Let z be ((-3)/w)/((-3)/6). Suppose z*y + 5*j = 164, 3*y - 5*j = 156 + 28. List the prime factors of y.
2, 29
What are the prime factors of (11336608/(-24))/(-46)*(4 + -1)?
2, 73, 211
Let b(x) = 13751*x**2 + 8 + 3*x - 13724*x**2 + 6. List the prime factors of b(-6).
2, 11
Let c = -216 - -381. Let a = -78 + c. Let n = 242 - a. What are the prime factors of n?
5, 31
